 What is y(-1)?
-11
Suppose -2*q + 5*q = 12. Let k(w) = -4*w - 5*w**2 + 10*w**2 - w**3 - 1 - 3. Calculate k(q).
-4
Let o(h) = -h**2 - 2*h + 5. Let z be 2*3/((-9)/6). Let p be o(z). Let w(l) be the third derivative of l**6/120 + l**5/20 + l**3/3 + l**2. What is w(p)?
2
Suppose -11*a + 42 = -24. Let f(x) = -7 - 1 - x + 3*x. What is f(a)?
4
Let m(l) be the second derivative of l**5/20 + l**4/12 - l**3/3 - l**2/2 + 8*l. What is m(-2)?
-1
Let a(y) = y**3 + y**2 - y + 1. Let f be a(1). Let x(i) = 27*i - 7. Let g(z) = -13*z + 3. Let u(t) = f*x(t) + 5*g(t). Calculate u(1).
-10
Let p(l) be the third derivative of l**3/3 - 4*l**2. Let t(j) = j - 9. Let c(s) = 18*p(s) + 4*t(s). Determine c(-1).
-4
Let u(b) be the first derivative of 2*b + 5 + 1/2*b**2. What is u(3)?
5
Let l(o) = o**2 - 3*o - 16. Let h be l(6). Let u(s) = -s + 1. What is u(h)?
-1
Suppose -3*y = -4*y. Suppose 3 = 4*a - 3*a. Let o(u) = y - 2*u - 1 - a. Give o(-4).
4
Let s(f) = -f**2 - 7*f - 1. Suppose 4*a + 86 = 5*d + 3*a, 0 = 2*d - 3*a - 37. Suppose 2*r + 28 = -3*w, 2*r - r = -2*w - d. Give s(w).
5
Suppose 2*l - 10 = -3*b + b, 0 = 3*b + 4*l - 18. Suppose 18 = -x - b*x. Let j(h) = h**3 + 6*h**2 + h + 8. Determine j(x).
2
Let u be (-8)/6*78/(-52). Let r(d) = 7*d - 2. Determine r(u).
12
Let p be 6/4*(-14)/(-21). Suppose 5*i - 2*b = 5, p = b + 6. Let v(t) = -2*t - 1. What is v(i)?
1
Let m(v) = 3*v**3 + 10*v**2 + 9*v + 8. Let r(t) = t**3 + t**2 + t + 1. Let k(i) = m(i) - 2*r(i). Give k(-7).
6
Let m be 6/(-21) + 9/7. Let h be m/1 - (-2 - -3). Let d be h + -1 + -1 + -2. Let g(f) = 2*f + 6. What is g(d)?
-2
Let f(v) = -6*v**2 + 11*v - 9. Let x(p) = 5*p**2 - 10*p + 8. Let o(k) = -4*f(k) - 5*x(k). Let l be (1/(-1) - -2) + 3. Give o(l).
4
Let p be 1 - -1 - (2 - 4). Let d(g) = g**3 - g**2 + 3*g + 5. Let j(o) = 5*o + 3*o - 3*o**2 + 13 + 1 + 2*o**3. Let r(s) = p*j(s) - 11*d(s). Calculate r(1).
-4
Suppose 0 = v + 4*p + 20, 2*v - 6*v + p = 12. Let l be (6/v)/((-2)/4). Let x(z) be the first derivative of -z**2/2 + 2*z + 2. Determine x(l).
-1
Let q(r) = 5*r**2 + 83 + 0*r - r**3 - 89 + r. Give q(5).
-1
Let g(c) = c - 4. Suppose k - 5*b + 17 = -3, 2 = -k - b. Determine g(k).
-9
Let x(n) = 3*n**2 + 10*n + 4. Let a(t) = 7*t**2 + 21*t + 7. Let f(c) = 2*a(c) - 5*x(c). Calculate f(-7).
1
Let c = 8 + -5. Let d = c + -5. Let x(r) = 2*r**3 + 3*r**2 + 2*r + 3. Give x(d).
-5
Let y(f) = -f**2 - 4*f + 6. Let m(i) = -i. Let k(q) = 3*q - 1. Let n(d) = -k(d) - 2*m(d). Suppose 5*u = -0*u + 5. Let s(t) = u*y(t) - 5*n(t). Determine s(-1).
-1
Let y(p) = -p + 5. Suppose 5*s + m = 19 + 9, -32 = -4*s + 4*m. Let q be y(s). Let d(b) = 6*b**2 + b. What is d(q)?
5
Let b(j) = j**3 - 2*j**2 + 2*j - 1. Suppose 7*v = 3*v. Suppose v = 5*u - 4*u - 2. Calculate b(u).
3
Let v(b) = 4*b**3 - 4*b**2 - b - 4. Let k(j) = -3*j**3 + 5*j**2 + j + 5. Let m(q) = -4*k(q) - 5*v(q). Give m(1).
-7
Let v(c) = 4*c**2 - 20*c + 5. Let g(i) = -i**2 + 5*i - 1. Let r = 2 - 3. Let u = -1 + r. Let z(p) = u*v(p) - 9*g(p). Calculate z(4).
-5
Suppose 0 = -2*i + 4*i - 12. Let w(f) = -f + 9. Let v be w(i). Let o(n) = n - 4. What is o(v)?
-1
Suppose -55 = -4*f - f. Suppose -f = 5*u - 1. Let p(n) be the third derivative of 5*n**4/24 + n**3/6 + 4*n**2. Calculate p(u).
-9
Suppose 8*x - 5*w + 10 = 3*x, -w = -5*x + 2. Let b = -6 + 8. Let f(o) = b + 0*o**2 + x - o**2. Determine f(3).
-6
Let f(k) = -5*k. Let j(p) = 3*p. Let y(g) = -5*f(g) - 8*j(g). Give y(3).
3
Suppose 0 = 3*g - 0*g. Suppose 0 = 3*h - 3*z - 6, g*h - 3*h + 4*z + 9 = 0. Let s(w) = 6*w**3. Determine s(h).
-6
Suppose 0*b + 12 = 4*b. Let x(a) = -b + 3 + 2 - 3 + a. Calculate x(-5).
-6
Let r(g) be the third derivative of g**6/120 + g**5/60 + g**3 + 6*g**2. Give r(0).
6
Let k(o) = -9*o**3 + o**2 - o. Let s(i) = -26*i**3 + 2*i**2 - 3*i. Suppose 7*p - 2*p - 40 = 0. Let n(j) = p*k(j) - 3*s(j). Determine n(-1).
-5
Let h(b) = -b**3 + 4*b**2 + 2*b + 3. Suppose 3*v - 4*v = t - 3, 0 = -t - 3*v + 5. Suppose m - t = 2. Give h(m).
11
Let z(k) = -4*k + 6. Let u be (-27)/(-6) - (-5)/10. What is z(u)?
-14
Let n(t) = -6*t + 7 - 6*t + 13*t. Calculate n(-4).
3
Let j(q) = 6*q**3 - 2*q + 3*q**2 - 2 - 5*q**3 + 1 - 3*q. Let a be 1/(-4) - 105/28. What is j(a)?
3
Let t(n) = -n + 2. Let r = -4 - -2. Let c be (r/(-4) - -2)*-2. Give t(c).
7
Let n(j) = j**3 + 2*j - 1. Let k be n(2). Let p(a) = -a + 0 - k*a - 3 + 4. Determine p(1).
-11
Let g(k) = -1 - 3*k + 4*k + 0*k. Let b(l) = l**2 + l + 8. Let o(d) = -b(d) - 5*g(d). Suppose -5*f = -7*f - 4. Give o(f).
5
Let z be (-76)/(-18) + 2/(-9). Suppose -g + u = g - 7, 4*g + z*u = 8. Let d(a) = -a**2 + 6*a - 3. What is d(g)?
6
Suppose -2*p = 4*p - 30. Let j(c) = -c**3 + 5*c**2 - 2*c + 7. What is j(p)?
-3
Let f(v) be the first derivative of v**4/24 + 5*v**3/3 + 3*v**2/2 - 5. Let m(h) be the second derivative of f(h). What is m(-5)?
5
Suppose j = 5*j - 5*n + 21, 2*j = -n - 7. Let t(m) = -m**2 - 4*m - 3. Determine t(j).
-3
Let h(q) = -q**2 + 3*q + 4. Suppose -3*l - 10 - 2 = 2*y, 4*y - 4*l = -24. Let x = 2 - 0. Let n be (-2 - 27/y)*x. Determine h(n).
-6
Let k be (10*-1)/(-11 + 9). Let a(w) = -7*w**2 + 12*w - 13. Let x(p) = -20*p**2 + 35*p - 38. Let b(g) = -17*a(g) + 6*x(g). Give b(k).
-2
Suppose -3*f = -5 - 4. Let g(l) be the first derivative of -l**4/4 + 2*l**3/3 - l**2/2 + l + 6. Give g(f).
-11
Let x(c) = c. Suppose -v = -3*v + m + 4, -m = 4*v - 2. Let p be -4*((-3)/6 - v). Let o be p/8 - 46/8. Give x(o).
-5
Let m(g) be the third derivative of -g**5/60 - g**4/8 - g**3/6 + 3*g**2. Suppose 19 = 3*l + 4. Suppose -n - n + 3 = -l*s, 4*n = -4*s - 8. What is m(s)?
1
Let v(r) = r**2 - 4*r - 5. Let j be v(5). Suppose -f + 0 = -2*m + 6, j = -4*m + f + 10. Suppose m*o - 2 = -0*o. Let u(b) = 2*b + 1. Determine u(o).
3
Let f(r) be the first derivative of r**2/2 + r + 26. What is f(4)?
5
Suppose 3*s = -27 + 9. Let y(t) = t**2 - 3*t + 3. Let w be y(3). Let v(z) = z**3 + 6*z + z**2 + w + z**2 + 5*z**2. What is v(s)?
3
Let v(c) = 4*c - 1. Let j be (2/(-5))/(22/(-110)). Calculate v(j).
7
Let s(p) = -p**3 - p. Let n(c) = -6*c**3 - 10*c - 2. Let g(x) = n(x) - 8*s(x). Calculate g(-2).
-14
Suppose v + 9 = 4*d - d, -11 = -4*d + v. Suppose 2*g + d*g = -12. Let m(a) be the second derivative of -a**3/2 - 3*a**2/2 + a. Determine m(g).
6
Let h(p) be the second derivative of p**3/6 + 3*p**2/2 + 6*p. Let i be 2*((-9)/6 + 0). Calculate h(i).
0
Let j(w) = 1 + 6*w**2 - 4*w + w**3 + 5*w + 5. What is j(-6)?
0
Let p(i) = 3*i**2 + 6. Let g(u) = -u**2 - 1. Let o = -13 + 9. Let j(s) = -s + 3. Let r be j(4). Let c(t) = o*g(t) + r*p(t). What is c(2)?
2
Let h(j) be the first derivative of -2*j**3/3 - 3*j**2 - 4*j - 43. Determine h(-4).
-12
Let d(g) = -g**3 + 3*g**2 + 5*g + 2. Suppose -15 - 18 = 4*x + k, 5*x - 5*k + 35 = 0. Let b = x + 12. Give d(b).
6
Let z(k) = -k**3 - 2*k**2 - 2. Suppose -20 = -2*t - 3*t + 5*q, t = -q + 4. Let x be ((-3)/t)/((-7)/(-28)). What is z(x)?
7
Let n(t) = 3*t + 11. Let x(u) = 2*u + 6. Let q(p) = 3*n(p) - 5*x(p). Let d(o) = -o**2 + 10*o + 6. Let r be d(11). What is q(r)?
8
Let m(d) = 11*d**2 + 1. Suppose -5*f = -2*t + 3, -2*f + 2*t = -f - 1. Determine m(f).
12
Let n(u) = u**3 + 4*u**2 - 5*u - 4. Let w = 2 + -1. Let y be -1*w*(0 + -5). Let f = y - 10. Calculate n(f).
-4
Let r(u) be the second derivative of -u**6/60 + u**5/60 + u**4/24 + u**3/3 - 2*u**2 - 6*u. Let s(g) be the first derivative of r(g). What is s(2)?
-8
Let o(z) = 5*z**3 + 5*z**2 + 2*z - 3. Let c(f) = 9*f**3 + 10*f**2 + 3*f - 5. Let x(u) = -6*c(u) + 11*o(u). Calculate x(4).
-3
Suppose -2*h + 3 = -9. Let o(r) = -r + 13. Calculate o(h).
7
Let g(p) = p - 4 - 4*p + 1. Let o be g(-3). Let b(a) = -a**3 + 7*a**2 - 6*a - 8. Determine b(o).
-8
Let o(i) = i**3 + 5*i**2 + 4*i - 5. Suppose l + 2 = 2*l - 2*v, 0 = -4*v. Let f be 105/(-25) - l/(-10). Calculate o(f).
-5
Let z(c) = -c**2 - c + 2. Let w be z(2). Let f(q) = -97*q - 3 + 102*q + q**2 + 3. Calculate f(w).
-4
Let j = 31 - 27. Let h(o) = -2*o + 2*o + 3 + 0*o + j*o. Give h(-5).
-17
Let m(v) be the second derivative of v**4/12 - v**3/3 + 16*v. Calculate m(2).
0
Let d(l) = -l**2 + l + 1. Suppose -s + 2*s - 2*k = -7, 5*k - 25 = 0. Give d(s).
-5
Let o(j) be the second derivative of j**3/6 + 5*j**2/2 - 7*j. Let x(z) = z - 1. Let g be x(1). Calculate o(g).
5
Let q(c) = c**2 - 11*c + 9. Let m(a) = a**2 - 6*a + 5. Let j